t is the hundred thousands digit of 940757?
9
What is the units digit of 5025?
5
What is the hundreds digit of 1057050?
0
What is the tens digit of 1896287?
8
What is the tens digit of 429323?
2
What is the tens digit of 1863900?
0
What is the hundreds digit of 1339773?
7
What is the thousands digit of 275678?
5
What is the ten thousands digit of 276844?
7
What is the ten thousands digit of 2502274?
0
What is the hundreds digit of 23583?
5
What is the tens digit of 592173?
7
What is the ten thousands digit of 6712897?
1
What is the hundred thousands digit of 1241338?
2
What is the tens digit of 8695868?
6
What is the hundred thousands digit of 3386459?
3
What is the ten thousands digit of 13377871?
7
What is the hundred thousands digit of 712685?
7
What is the units digit of 2159059?
9
What is the thousands digit of 225217?
5
What is the ten thousands digit of 11990416?
9
What is the units digit of 963?
3
What is the ten thousands digit of 4070085?
7
What is the units digit of 20625118?
8
What is the tens digit of 389711?
1
What is the tens digit of 239808?
0
What is the tens digit of 2049859?
5
What is the tens digit of 12188524?
2
What is the units digit of 1272374?
4
What is the hundred thousands digit of 231374?
2
What is the units digit of 195284?
4
What is the tens digit of 1268750?
5
What is the ten thousands digit of 18181253?
8
What is the millions digit of 2565901?
2
What is the units digit of 294266?
6
What is the tens digit of 149691?
9
What is the ten thousands digit of 6612703?
1
What is the units digit of 18968317?
7
What is the thousands digit of 413728?
3
What is the units digit of 290281?
1
What is the tens digit of 12071149?
4
What is the thousands digit of 265728?
5
What is the tens digit of 136365?
6
What is the tens digit of 491314?
1
What is the millions digit of 1773508?
1
What is the millions digit of 5855603?
5
What is the units digit of 2021805?
5
What is the hundreds digit of 700831?
8
What is the thousands digit of 4964733?
4
What is the hundreds digit of 1968301?
3
What is the units digit of 2007253?
3
What is the millions digit of 1717771?
1
What is the ten thousands digit of 230517?
3
What is the thousands digit of 117262?
7
What is the hundreds digit of 65241?
2
What is the hundred thousands digit of 1369263?
3
What is the thousands digit of 535075?
5
What is the millions digit of 24317526?
4
What is the millions digit of 3807315?
3
What is the thousands digit of 2238060?
8
What is the tens digit of 1373128?
2
What is the tens digit of 46626?
2
What is the millions digit of 5153340?
5
What is the ten thousands digit of 419991?
1
What is the ten thousands digit of 149749?
4
What is the thousands digit of 131198?
1
What is the thousands digit of 196142?
6
What is the hundred thousands digit of 9698923?
6
What is the hundreds digit of 583582?
5
What is the millions digit of 1713047?
1
What is the thousands digit of 13183221?
3
What is the hundreds digit of 1162192?
1
What is the hundreds digit of 290243?
2
What is the hundreds digit of 4970920?
9
What is the thousands digit of 3293634?
3
What is the millions digit of 5389353?
5
What is the ten thousands digit of 9199596?
9
What is the ten thousands digit of 9839820?
3
What is the hundreds digit of 325349?
3
What is the ten thousands digit of 258202?
5
What is the tens digit of 766676?
7
What is the thousands digit of 993844?
3
What is the ten thousands digit of 326936?
2
What is the thousands digit of 6914331?
4
What is the thousands digit of 36374673?
4
What is the millions digit of 5716901?
5
What is the hundred thousands digit of 11989447?
9
What is the millions digit of 2570836?
2
What is the ten thousands digit of 4661790?
6
What is the units digit of 12785762?
2
What is the ten thousands digit of 62816?
6
What is the hundreds digit of 1108828?
8
What is the hundreds digit of 370351?
3
What is the millions digit of 32908644?
2
What is the millions digit of 1328656?
1
What is the ten thousands digit of 75068?
7
What is the hundred thousands digit of 2249011?
2
What is the units digit of 16940215?
5
What is the tens digit of 936893?
9
What is the ten thousands digit of 2342974?
4
What is the units digit of 3005927?
7
What is the tens digit of 248141?
4
What is the hundred thousands digit of 152215?
1
What is the hundred thousands digit of 12471084?
4
What is the units digit of 1563798?
8
What is the units digit of 175775?
5
What is the tens digit of 684146?
4
What is the millions digit of 8996231?
8
What is the hundred thousands digit of 1453800?
4
What is the thousands digit of 7577125?
7
What is the ten thousands digit of 18467492?
6
What is the hundred thousands digit of 2812293?
8
What is the millions digit of 7049241?
7
What is the hundreds digit of 257652?
6
What is the thousands digit of 324315?
4
What is the thousands digit of 2021650?
1
What is the thousands digit of 670207?
0
What is the tens digit of 4367761?
6
What is the thousands digit of 2872673?
2
What is the tens digit of 50281?
8
What is the hundreds digit of 1537143?
1
What is the ten thousands digit of 3941442?
4
What is the tens digit of 160732?
3
What is the thousands digit of 110807?
0
What is the hundreds digit of 978583?
5
What is the thousands digit of 244231?
4
What is the ten thousands digit of 3725599?
2
What is the thousands digit of 252157?
2
What is the units digit of 120974?
4
What is the hundreds digit of 1133483?
4
What is the hundreds digit of 547124?
1
What is the hundred thousands digit of 7631231?
6
What is the hundreds digit of 62122?
1
What is the hundreds digit of 7238948?
9
What is the tens digit of 278156?
5
What is the tens digit of 17584225?
2
What is the hundreds digit of 127718?
7
What is the tens digit of 711543?
4
What is the ten thousands digit of 5763193?
6
What is the ten thousands digit of 2389017?
8
What is the tens digit of 14294461?
6
What is the units digit of 1142826?
6
What is the units digit of 202953?
3
What is the tens digit of 914553?
5
What is the thousands digit of 594844?
4
What is the hundreds digit of 1267724?
7
What is the hundred thousands digit of 20751809?
7
What is the tens digit of 149479?
7
What is the tens digit of 204040?
4
What is the ten thousands digit of 4794952?
9
What is the hundred thousands digit of 6058369?
0
What is the tens digit of 1107505?
0
What is the hundreds digit of 19466001?
0
What is the units digit of 58551?
1
What is the tens digit of 123761?
6
What is the hundreds digit of 49331?
3
What is the hundred thousands digit of 204934?
2
What is the tens digit of 551615?
1
What is the hundred thousands digit of 557010?
5
What is the ten thousands digit of 613434?
1
What is the hundreds digit of 211758?
7
What is the tens digit of 536030?
3
What is the ten thousands digit of 58889?
5
What is the tens digit of 109069?
6
What is the ten thousands digit of 732681?
3
What is the thousands digit of 25616?
5
What is the units digit of 9838131?
1
What is the hundreds digit of 6844?
8
What is the thousands digit of 1206241?
6
What is the hundred thousands digit of 634084?
6
What is the hundreds digit of 279357?
3
What is the millions digit of 5666861?
5
What is the ten thousands digit of 3646910?
4
What is the hundred thousands digit of 3319682?
3
What is the hundred thousands digit of 5890272?
8
What is the hundred thousands digit of 906446?
9
What is the hundreds digit of 21717693?
6
What is the units digit of 928108?
8
What is the units digit of 267384?
4
What is the tens digit of 12516936?
3
What is the hundred thousands digit of 12177829?
1
What is the tens digit of 74960?
6
What is the millions digit of 4688937?
4
What is the hundreds digit of 203941?
9
What is the hundreds digit of 8826119?
1
What is the hundreds digit of 11450?
4
What is the tens digit of 26479916?
1
What is the units digit of 167973?
3
What is the hundreds digit of 521187?
1
What is the tens digit of 729430?
3
What is the units digit of 27576106?
6
What is the hundred thousands digit of 767977?
7
What is the tens digit of 3992031?
3
What is the hundreds digit of 32243?
2
What is the hundred thousands digit of 396766?
3
What is the hundreds digit of 623766?
7
What is the units digit of 66744?
4
What is the tens digit of 662107?
0
What is the tens di